 - 7*o**2 - 5*o + 8. Let f = -10 + 4. Let y be m(f). Suppose 5*g - y*g - 24 = 0. Calculate the remainder when 22 is divided by g.
6
Let q = 13 - 18. Let y(z) = -11*z + 7. Calculate the remainder when y(q) is divided by 16.
14
Let c = 43 - 23. Suppose -7*o + 3*o + c = n, 4 = 2*o - n. Calculate the remainder when 32 is divided by 46/o + 2/(-4).
10
Suppose 0 + 8 = 2*m. Calculate the remainder when 5 is divided by m.
1
Suppose 0 = -2*v - 2*v + 24. Let d be ((-9)/v)/(2/(-44)). Suppose 0 = z + 5*x + 9, 4*z - 2*x = 19 + d. Calculate the remainder when z is divided by 6.
5
Let b(y) = y**3 + 7*y**2 + 2. Let g be b(-7). Suppose -3*z = 3*p - p - 33, -g*p - 5*z = -23. What is the remainder when p is divided by 13?
11
Suppose -16*f = -11*f - 185. Calculate the remainder when 110 is divided by f.
36
What is the remainder when 21 is divided by 3*((-24)/9)/(-1)?
5
Let v = 1 - 1. Suppose -5*m + 0*c + 125 = 3*c, -5*c + 31 = 2*m. Suppose -4*r = -v*r - m. What is the remainder when 19 is divided by r?
5
Let q = 48 - 0. What is the remainder when q is divided by 10?
8
Suppose 2*s + s - 9 = 0. Suppose s*f - 7*f = -12. Calculate the remainder when 4 is divided by f.
1
Suppose -5*m = -m - 224. Suppose -3*d + m = 5. Calculate the remainder when 66 is divided by d.
15
Let b = 109 - 93. What is the remainder when 29 is divided by b?
13
Let s = 1 + 1. Let f be s/((-2)/(-1)) + 18. Let r = f + -9. Calculate the remainder when 28 is divided by r.
8
Let x(q) = q**3 + 9*q**2 + 13*q + 4. What is the remainder when 65 is divided by x(-6)?
31
Suppose 5*n - g = -2*g + 150, 0 = -g + 5. Suppose -6 - 58 = -4*f. What is the remainder when n is divided by f?
13
Let l be 104/6 - (-10)/15. Let i = l - 9. Let f = -26 + 43. Calculate the remainder when f is divided by i.
8
Let d = -245 - -265. Suppose 0 = -3*j + r + 114, j = -3*j - r + 145. What is the remainder when j is divided by d?
17
What is the remainder when 37 is divided by 1/2 + (-78)/(-4)?
17
Let l(x) = -x + 1. Calculate the remainder when (-2)/(-3) - 50/(-6) is divided by l(-3).
1
Let d = 6 - 5. What is the remainder when 4 is divided by d?
0
Suppose -5*h + 221 + 29 = 0. Suppose -2*c + 7*c + h = 0. What is the remainder when 15 is divided by (2 + 12/c)*10?
7
Let g = 13 + -1. Suppose m - t = 3, 3*t + 2 = 2*m - 2. What is the remainder when g is divided by m?
2
Suppose -2*f = -4*g - 20, f - 4*f - 4*g = -60. Calculate the remainder when f is divided by ((-30)/50)/(2/(-30)).
7
Let i(s) = 125*s + 1. What is the remainder when i(1) is divided by 32?
30
Let b(k) = -k**2 - 17*k + 12. Let d be b(-19). Let v = d + 36. Calculate the remainder when v is divided by 3.
1
Let y(w) = 3*w + 3. Let q be y(6). Suppose q = 7*m - 21. Calculate the remainder when 22 is divided by m.
4
Let w(k) = -k**3 + k**2 - k + 2. Let x = -73 - -119. What is the remainder when x is divided by w(-2)?
14
Suppose -2*f + 2*c - 45 = -7*f, -c = 5*f - 50. What is the remainder when 30 is divided by f?
8
Let y(j) = j**3 + 7*j**2 - 12*j - 4. Let f be y(-8). Suppose -2*c - f = -4*c. What is the remainder when (-1)/(1 + c/(-13)) is divided by 5?
3
Let y = 9 + 3. What is the remainder when 12 is divided by 80/y + (-1)/(-3)?
5
Let q be (-228)/(-9) - (-1)/(-3). Suppose -3*w = -q - 101. Calculate the remainder when w is divided by 11.
9
Let g = 5 - 6. Calculate the remainder when 89 is divided by 15 - -6 - g*2.
20
Let j(k) = 10*k + 3. Calculate the remainder when j(3) is divided by 12.
9
What is the remainder when (3 - 13)/((-3)/3) is divided by 4?
2
What is the remainder when 19/1 - (6 - 5) is divided by 10?
8
Suppose -x = 3*h - h - 15, x = -3*h + 23. Let t(y) = -6*y - 4. Calculate the remainder when t(-3) is divided by h.
6
Let f(h) = -h**2 + 8*h + 2. Let d = 7 + -2. Calculate the remainder when 50 is divided by f(d).
16
What is the remainder when -1 + 3 - (-6)/9*21 is divided by 9?
7
Suppose 5*u + 66 = 3*q, 4*q + 2*u - 5*u - 99 = 0. Calculate the remainder when 79 is divided by q.
25
Let y = 1 + 7. What is the remainder when 23 is divided by y?
7
Let m(y) = -y**3 - 17*y**2 - 17*y + 2. What is the remainder when m(-16) is divided by 10?
8
Suppose 2*d = 2*v - 220, -185 = -v - v - 5*d. Calculate the remainder when v is divided by 27.
24
Let o = 85 - 55. Calculate the remainder when o is divided by 3*(-8)/(-12)*(-8)/(-2).
6
Suppose -12 - 104 = -4*d. Calculate the remainder when 142 is divided by d.
26
Let y = -5 - -8. Let o be 8/(-6)*3/(-2). Suppose -o*w + u - 3 = 0, -5*w = -3*u + u + 5. What is the remainder when y is divided by w?
0
Let b(j) = 2*j**2 + 2*j - 8. Let i(r) = 3*r - 1. Let s be i(-1). Calculate the remainder when 47 is divided by b(s).
15
Suppose -2*m + 62 = 20. Let l = 18 + -7. Calculate the remainder when m is divided by l.
10
Let t = 6 - -2. What is the remainder when (-26)/(-8)*12/3 is divided by t?
5
Suppose -92 = -3*c - 2*p, 2*c - c - 3*p - 27 = 0. Calculate the remainder when 57 is divided by c.
27
Suppose 0 = -11*z + 3*z + 176. Calculate the remainder when 63 is divided by z.
19
Let u(z) = -z**2 + 10*z - 9. Calculate the remainder when 71 is divided by u(6).
11
Let n = 13 + 2. What is the remainder when 2/(-3) + (-89)/(-3) is divided by n?
14
Let j(k) = 15*k + 15. Let t(m) = -m - 1. Let q(b) = -j(b) - 5*t(b). Calculate the remainder when q(-4) is divided by 8.
6
Let l = 36 - 28. Let x(a) = 133*a**3 - a**2. Let z be x(-1). Calculate the remainder when z/(-4) + 4/l is divided by 12.
10
Let u = 26 - 13. Suppose -2*j + 3*j - 36 = 0. What is the remainder when j is divided by u?
10
Let r = -13 + 24. Suppose -41 + 196 = 5*x. Calculate the remainder when x is divided by r.
9
Suppose 5*q = 2*q + 15. What is the remainder when 18 is divided by q?
3
Let s(f) = 2*f**2 + f - 1. Let h be s(-2). Suppose 17 = h*o - 63. What is the remainder when 63 is divided by o?
15
Suppose 4*u - 3*x = 19, -2*u - 2*x - 1 = -7. Suppose c - 4 = 0, -7*o + u*o + 3*c + 45 = 0. What is the remainder when 34 is divided by o?
15
Suppose 4*y = 2*o + 24, -3*o - 18 = -4*y + 2*o. Calculate the remainder when 25 is divided by y.
4
Let y(f) = -f**2 - 7*f - 9. Let d be y(-6). Calculate the remainder when 8 is divided by 6 + (-1 - (d + 3)).
3
Suppose 0 = 4*c + 2 - 82. Let f = 23 - 16. Calculate the remainder when c is divided by f.
6
Suppose -60 = -4*g - 2*g. Suppose g = r - 2. What is the remainder when 34 is divided by r?
10
Let y be (-9)/(-6) + 1/2. Suppose 0 = -y*o + o + 14. Let n = o - 4. What is the remainder when n is divided by 6?
4
Let k(x) = x**3 + 8*x**2 + 7*x + 6. Let m be k(-7). Suppose -3*t + m = -0. Let p = t + 6. What is the remainder when p is divided by 5?
3
Let t = -23 - -33. Suppose -5*x + 9 = -6. What is the remainder when t is divided by x?
1
Let t(d) = -d**3 - 2*d**2 - 2*d - 7. Let i be t(-6). Suppose -3 = -4*f + i. Let q = 28 + -15. Calculate the remainder when f is divided by q.
12
Let a(x) = 4*x**3 - 6*x**2 - 3*x - 2. Calculate the remainder when 84 is divided by a(3).
41
Suppose -40 = -3*v + 143. Calculate the remainder when v is divided by 32.
29
Suppose -4*u - 93 = -5*j, j - 26 = -4*u + 7. Suppose -5*g = 5*m - 715, -4*m - 3*g = -775 + 207. Let k = m + -78. Calculate the remainder when k is divided by j.
19
Let f(v) = -v**2 - 4*v + 5. Let n be f(-5). Suppose 2*z + 0*z - 22 = n. Calculate the remainder when 21 is divided by z.
10
Let f(v) = v**3 + 10*v**2 - v + 13. What is the remainder when f(-10) is divided by 12?
11
Let c(f) be the first derivative of 3*f**2 + 7*f + 4. Suppose -v = -13 - 2. What is the remainder when c(6) is divided by v?
13
Suppose 4*s + 90 = 3*l, s = l + l - 60. Calculate the remainder when 89 is divided by l.
29
Let i = -15 - -29. Calculate the remainder when 41 is divided by i.
13
Let s(o) = o + 16. Let c = 14 - 14. Calculate the remainder when 29 is divided by s(c).
13
Let r(u) = 68*u**3 - 2*u**2 + 2*u - 1. What is the remainder when r(1) is divided by 14?
11
Suppose 5*a - 118 = -23. What is the remainder when a is divided by 8?
3
Let d be 2*(-3)/(-2) + 1. Suppose d*k = 2*k + 48. What is the remainder when k is divided by 9?
6
Let h(v) = -v**3 + v + 19. Suppose -2 = -2*u - 4*i + 3*i, -3*u = i - 2. Let x = -31 - -67. What is the remainder when x is divided by h(u)?
17
Calculate the remainder when 146/4 - (-3)/(-2) is divided by 12.
11
Calculate th